s 517978046 a composite number?
True
Is 539581253 a prime number?
True
Is 17818557541 composite?
True
Is 45309069877 a prime number?
True
Is 397023097 a composite number?
False
Is 18724229 prime?
True
Is 46212056483 a composite number?
False
Is 53352799 a prime number?
False
Is 84422119247 prime?
True
Is 255898177 a composite number?
True
Is 1374790037 composite?
True
Is 7767588557 composite?
False
Is 132806293519 a prime number?
False
Is 11860330829 a prime number?
False
Is 2612464471 prime?
True
Is 1067574707 a prime number?
False
Is 3681280051 prime?
True
Is 240660305 composite?
True
Is 5204641313 a composite number?
False
Is 4695261229 composite?
True
Is 804260399 composite?
True
Is 23413174279 composite?
True
Is 3093554909 prime?
False
Is 1302928894 a composite number?
True
Is 21145500839 a prime number?
True
Is 249506371 composite?
False
Is 137120803 a prime number?
False
Is 191322559 a prime number?
True
Is 645044839 composite?
True
Is 2848866899 a prime number?
False
Is 2146435103 composite?
False
Is 212706661 a prime number?
True
Is 677013611 a prime number?
True
Is 1624113587 a composite number?
False
Is 19056007693 composite?
True
Is 17849308093 a prime number?
True
Is 13882937587 composite?
True
Is 62992117073 a prime number?
True
Is 1875296242 a prime number?
False
Is 783434221 a composite number?
True
Is 30644731262 prime?
False
Is 7688147713 composite?
False
Is 2289962459 a composite number?
False
Is 7070397661 composite?
False
Is 30341356954 prime?
False
Is 11213000933 a prime number?
False
Is 3567837353 a prime number?
True
Is 14717887829 composite?
True
Is 611558041 a prime number?
True
Is 238588063 a prime number?
False
Is 231429969503 composite?
True
Is 81444787001 a prime number?
True
Is 2795215733 a composite number?
False
Is 283159879 composite?
True
Is 2171545918 a prime number?
False
Is 16644173395 a prime number?
False
Is 191213809 composite?
False
Is 46651082389 composite?
True
Is 1229244323 prime?
False
Is 35134841603 composite?
False
Is 132525265291 a prime number?
True
Is 5657101693 a composite number?
True
Is 59202113627 prime?
False
Is 24225620563 a composite number?
False
Is 345641119 a prime number?
True
Is 626764427 prime?
True
Is 560539313 a prime number?
True
Is 1169181329 a prime number?
True
Is 25360492349 composite?
False
Is 472522451 a composite number?
True
Is 79206503399 a prime number?
True
Is 195498221 a prime number?
True
Is 161262433 prime?
True
Is 3800971067 composite?
False
Is 246722797 a composite number?
False
Is 1187386393 a prime number?
True
Is 9102976877 composite?
False
Is 38366047745 prime?
False
Is 3295737539 composite?
False
Is 6743866133 composite?
True
Is 860623313 a prime number?
False
Is 535014629 prime?
True
Is 5922874327 a prime number?
False
Is 3450075067 a prime number?
True
Is 854412907 composite?
False
Is 2562142717 prime?
True
Is 339567451 composite?
False
Is 4064203733 a composite number?
True
Is 3434631845 a composite number?
True
Is 39842270777 composite?
False
Is 1436962133 prime?
True
Is 1463458609 composite?
False
Is 372020281 a prime number?
False
Is 41551843 composite?
True
Is 1090624273 prime?
False
Is 17976082309 a prime number?
False
Is 40105343153 a prime number?
False
Is 1361775887 composite?
True
Is 51226108877 a prime number?
False
Is 18755329573 a composite number?
False
Is 604608583 prime?
False
Is 5427475487 composite?
True
Is 89290759 a composite number?
True
Is 12415781023 a prime number?
False
Is 556354783 a prime number?
True
Is 41978954833 a prime number?
False
Is 3077880557 prime?
False
Is 1342890853 a prime number?
True
Is 2835990517 a prime number?
False
Is 789708307 a prime number?
True
Is 43944465157 a prime number?
False
Is 176908859 prime?
False
Is 24406425793 prime?
False
Is 1211177893 composite?
True
Is 6876641021 a prime number?
True
Is 1418938581 composite?
True
Is 119388493769 a composite number?
False
Is 447309479 a composite number?
False
Is 31040669537 composite?
True
Is 6494378929 a composite number?
True
Is 60480289817 composite?
True
Is 1636109689 prime?
True
Is 3911911527 a prime number?
False
Is 48334823457 composite?
True
Is 70787308937 a prime number?
True
Is 1408413341 a composite number?
True
Is 4666882438 a composite number?
True
Is 383921801 a prime number?
True
Is 264611163 a prime number?
False
Is 40976049377 a composite number?
False
Is 336801751817 composite?
True
Is 10203475393 prime?
False
Is 71634419 composite?
True
Is 9353486017 composite?
True
Is 61828835 a composite number?
True
Is 56606843917 a prime number?
False
Is 1652594389 prime?
True
Is 228495244033 a composite number?
True
Is 24804516409 a prime number?
False
Is 1118316209 composite?
False
Is 2060947199 a composite number?
False
Is 436311899 prime?
True
Is 532423861 a prime number?
True
Is 1664420257 prime?
True
Is 569033887 a prime number?
True
Is 6423887147 composite?
True
Is 287569707 a composite number?
True
Is 636444234251 a composite number?
True
Is 109580426897 a prime number?
True
Is 12842502397 composite?
True
Is 1155109339 prime?
True
Is 3083638247 a prime number?
True
Is 198318333917 a prime number?
False
Is 100415059 a prime number?
True
Is 2503808673 a prime number?
False
Is 1216893617 composite?
False
Is 1959643319 a composite number?
True
Is 23221927 a composite number?
True
Is 2714670641 a prime number?
True
Is 6521055947 a prime number?
False
Is 3849678793 a composite number?
False
Is 14303006507 prime?
True
Is 112961005835 composite?
True
Is 23037536363 composite?
False
Is 530756078 a prime number?
False
Is 67305376667 composite?
False
Is 324300437689 composite?
True
Is 148069471 composite?
True
Is 30943392323 composite?
True
Is 12224969369 a composite number?
True
Is 272596747 a composite number?
False
Is 12873348053 a prime number?
True
Is 320019017 a composite number?
False
Is 16721184034 a composite number?
True
Is 11626434383 a prime number?
True
Is 3527998099 composite?
False
Is 972713843 composite?
True
Is 4376384651 a composite number?
False
Is 552332567 composite?
True
Is 8223003515 prime?
False
Is 3078929558 composite?
True
Is 5261106677 composite?
False
Is 280171357 prime?
False
Is 462011399 a prime number?
True
Is 764021879 prime?
True
Is 452715509633 a composite number?
False
Is 108334777 a composite number?
True
Is 389163989 composite?
True
Is 15327569741 composite?
True
Is 583158283 composite?
False
Is 29988944393 composite?
True
Is 4154052247 prime?
True
Is 126646554301 prime?
False
Is 74059356863 a prime number?
True
Is 84865285937 a prime number?
False
Is 2265839803 a prime number?
False
Is 956947309 a prime number?
False
Is 12343763515 prime?
False
Is 126445087 prime?
False
Is 3761796793 prime?
False
Is 986588269 composite?
True
Is 9198346747 a composite number?
True
Is 600672053 composite?
False
Is 268878896387 prime?
True
Is 2300256533 a composite number?
True
Is 1820918443 a composite number?
False
Is 10020029491 composite?
True
Is 517822021 composite?
True
Is 1914960379 a prime number?
True
Is 10129038841 prime?
False
Is 21742230899 composite?
True
Is 4459670287 prime?
True
Is 45460971901 a prime number?
True
Is 5629734977 a composite number?
True
Is 4255418113 prime?
True
Is 797179177 a prime number?
True
Is 43771223519 a composite number?
True
Is 4812628633 prime?
True
Is 2011505701 a prime number?
True
Is 8210754607 a prime number?
False
Is 1036828931 a prime number?
True
Is 1395500461 composite?
False
Is 39097736357 a prime number?
False
Is 5104515751 composite?
False
Is 1566741149 prime?
True
Is 1825625231 a prime number?
False
Is 2614312039 a composite number?
True
Is 1217666489 a prime number?
False
Is 197387651 a prime number?
True
Is 40332088133 composite?
True
Is 893013635 a composite number?
True
Is 14858033917 prime?
False
Is 2849764747 prime?
True
Is 686492389 prime?
False
Is 2118697117 a composite number?
True
Is 114139873 prime?
False
Is 163811819 prime?
False
Is 374344183 a composite number?
False
Is 15934306457 prime?
True
Is 17184382463 composite?
True
Is 12338209057 a composite number?
True
Is 988752981 a composite number?
True
Is 59887480007 a composite number?
False
Is 7738827353 composite?
True
Is 683301081 a composite number?
True
Is 6418766551 prime?
False
Is 844011229 composite?
True
Is 25